4
Let d(r) = 33*r - 11. Determine d(0).
-11
Let q(i) = 5*i**3 - 3*i**2 - 11*i + 9. Give q(3).
84
Let t(m) = -35*m - 1580. Give t(-45).
-5
Let w(u) = u**3 - 46*u**2 + 88*u - 2. What is w(44)?
-2
Let t(q) = q**3 - 4*q**2 + 106. What is t(0)?
106
Let g(y) = y**3 - 8*y**2 + 31*y - 140. What is g(6)?
-26
Let v(d) = 6878*d + 16. Calculate v(0).
16
Let h(a) = -2*a**2 + 12*a - 30. What is h(9)?
-84
Let u(x) = -2007*x + 4031. Give u(2).
17
Let v(l) = 159*l + 1997. Give v(-14).
-229
Let p(j) = 54*j + 995. What is p(-17)?
77
Let s(j) = -106*j + 187. Determine s(2).
-25
Let v(d) = -d**3 - 15*d**2 - 51*d - 320. Determine v(-13).
5
Let f(i) = i**3 - 24*i**2 + 140*i. Determine f(10).
0
Let p(z) = -z**2 - 13*z + 32. Determine p(3).
-16
Let v(a) = -6*a**2 - 510*a - 3039. Calculate v(-6).
-195
Let l(m) = -40*m - 8. Determine l(0).
-8
Let k(j) = j**3 - 3*j**2 - 35*j + 83. What is k(2)?
9
Let y(o) = o**2 + 633*o - 4463. Give y(7).
17
Let b(g) = g**3 - 12*g**2 + 18*g - 22. Determine b(10).
-42
Let o(y) = 5*y + 37. What is o(-12)?
-23
Let v(q) = -4*q**3 - 3*q**2 - 161*q + 490. Calculate v(3).
-128
Let l(w) = -100*w - 3867. Give l(-39).
33
Let j(b) = 345*b**2 + 11*b + 11. Determine j(-1).
345
Let b(h) = -h**3 + 20*h**2 + 128*h - 95. Give b(25).
-20
Let v(m) = m**3 + 49*m**2 - 50*m - 44. Determine v(-50).
-44
Let o(k) = -78*k - 3. What is o(-1)?
75
Let c(x) = -x**2 + 137*x + 4999. Calculate c(167).
-11
Let i(g) = 2129*g - 16. Determine i(0).
-16
Let x(o) = 2*o**2 - 222*o + 5. Determine x(111).
5
Let t(j) = -5*j**2 + 35*j - 10. Give t(8).
-50
Let z(r) = -42*r + 872. What is z(22)?
-52
Let q(g) = -22*g**2 - 60*g + 244. Determine q(-5).
-6
Let f(u) = 243*u**3 - u**2 + 5*u - 4. Calculate f(1).
243
Let o(r) = -2*r**3 + 311*r**2 - 159*r + 610. Determine o(155).
-10
Let g(s) = -s**2 - 290*s + 4264. Give g(14).
8
Let w(b) = -440*b - 10565. What is w(-24)?
-5
Let l(q) = -2*q**3 - 179*q**2 + 83*q - 601. What is l(-90)?
29
Let n(o) = 3*o**3 - 19*o**2 - 5*o - 8. Calculate n(7).
55
Let v(x) = -x**2 - 55*x + 732. Calculate v(-66).
6
Let n(l) = -2*l**2 + 148*l + 2677. Give n(89).
7
Let j(s) = 59*s - 2383. What is j(40)?
-23
Let o(z) = -8*z**2 + 1154*z - 291. What is o(144)?
-3
Let p(k) = -4*k - 312. Calculate p(-77).
-4
Let j(v) = 27*v - 46. What is j(4)?
62
Let o(a) = -653*a - 1181. What is o(-2)?
125
Let d(n) = -22*n**2 - 5*n + 3. Give d(-4).
-329
Let v(u) = 2*u**2 - 90*u + 99. Calculate v(44).
11
Let p(x) = x**3 + x**2 - 186*x + 9. What is p(-14)?
65
Let k(i) = -i**3 + 9*i**2 + 3*i + 3. What is k(8)?
91
Let m(q) = -13*q + 27. What is m(2)?
1
Let b(x) = -23*x**3 + 317*x**2 + 68*x + 47. Determine b(14).
19
Let c(g) = -2*g**3 + 5*g**2 - 12. Calculate c(4).
-60
Let a(k) = -2*k**2 + 15*k + 131. Determine a(0).
131
Let c(f) = -4*f**3 + 2*f**2 + 24*f. What is c(5)?
-330
Let n(k) = -2*k**3 + 6*k**2 - 9*k + 17. Determine n(4).
-51
Let w(v) = 516*v + 8302. Give w(-16).
46
Let b(n) = 6*n**2 + 246*n + 1857. What is b(-31)?
-3
Let q(f) = 4*f**2 - 37*f + 11. Calculate q(9).
2
Let i(p) = p**3 + 14*p**2 - 2*p - 411. What is i(-11)?
-26
Let q(v) = -19*v + 4. Determine q(-2).
42
Let v(d) = 13*d**2 - 231*d + 240. Calculate v(17).
70
Let l(u) = -27*u**2 + 45*u + 14. Determine l(2).
-4
Let i(x) = 7*x**2 - 672*x + 3. What is i(96)?
3
Let n(q) = -147*q + 738. Determine n(5).
3
Let t(s) = -s**2 - 77*s - 620. Give t(-10).
50
Let h(v) = -140*v - 6867. Determine h(-49).
-7
Let n(x) = 5*x**2 + 98*x + 364. Give n(-4).
52
Let w(j) = -j**3 + 27*j**2 - 35*j + 78. Determine w(26).
-156
Let p(c) = -c**3 + 15*c**2 - 36*c - 18. What is p(12)?
-18
Let l(u) = 86*u**2 - 4*u + 9. Determine l(0).
9
Let g(s) = 7*s**2 - 13*s + 7. What is g(2)?
9
Let t(l) = 352*l + 4577. Calculate t(-13).
1
Let u(z) = -z**2 - 33*z - 277. Determine u(-15).
-7
Let l(d) = -31*d + 192. Calculate l(6).
6
Let z(n) = 2*n**2 + 77*n - 973. Determine z(15).
632
Let j(x) = -26*x + 1060. Determine j(41).
-6
Let g(u) = -2*u**2 + 52*u + 2346. Give g(-23).
92
Let n(s) = -s**3 + 3*s**2 + 76*s - 339. What is n(6)?
9
Let h(z) = -7*z**3 + 48*z**2 + 8*z - 7. Determine h(7).
0
Let m(b) = b**3 - 10*b**2 - 49*b - 2. Calculate m(13).
-132
Let s(o) = 11*o**2 - 32*o + 4. Give s(1).
-17
Let j(r) = 6*r**3 + 30*r**2 + r - 4. Determine j(-5).
-9
Let d(b) = 1291*b - 1297. Give d(1).
-6
Let x(n) = -2*n**3 + 14*n**2 - 10*n + 57. Give x(7).
-13
Let k(p) = 201*p**2 + 1397*p - 33. Determine k(-7).
37
Let q(u) = -3*u**3 + 79*u**2 + 58*u - 93. What is q(27)?
15
Let z(k) = 118*k - 3629. Determine z(30).
-89
Let y(b) = 373*b + 263. Calculate y(-1).
-110
Let v(p) = -p**2 - 537*p - 6784. What is v(-13)?
28
Let k(y) = -4*y**3 + y**2 - 13*y + 12. Calculate k(1).
-4
Let w(y) = 3*y**2 + 22*y - 49. What is w(-13)?
172
Let b(w) = -2970*w + 53466. Give b(18).
6
Let r(o) = -o**2 + 23*o + 126. Give r(27).
18
Let u(t) = -1458*t + 83120. What is u(57)?
14
Let t(b) = 26*b + 2785. Determine t(-107).
3
Let h(t) = -9*t**2 - 10*t + 12. Give h(2).
-44
Let b(a) = 2*a**3 - 24*a + 132. Give b(-5).
2
Let w(b) = -33*b + 68. Calculate w(2).
2
Let o(a) = -3*a**3 - 3*a**2 + 11*a - 6. Determine o(0).
-6
Let c(m) = -m**2 - 5*m + 1134. Calculate c(-36).
18
Let g(z) = z**3 + 15*z**2 - 56*z - 26. Give g(-18).
10
Let v(z) = -22*z**2 + 73*z + 549. Calculate v(7).
-18
Let f(n) = -7*n - 142. Determine f(-32).
82
Let t(k) = -10238*k - 10233. Determine t(-1).
5
Let u(g) = 2*g**3 + 36*g**2 + 83*g + 70. Calculate u(-15).
175
Let h(t) = t**2 + 9*t + 8. What is h(-2)?
-6
Let k(p) = -p**3 + 20*p**2 + 7*p - 555. Calculate k(19).
-61
Let h(w) = -2*w**2 + 114*w - 330. Give h(54).
-6
Let v(w) = 4*w**2 + 333*w - 240. What is v(-84)?
12
Let z(x) = -2*x**2 + 61*x + 309. Give z(-5).
-46
Let i(d) = -6*d + 32. Determine i(5).
2
Let v(f) = -9*f + 158. Calculate v(12).
50
Let i(a) = 34*a + 142. Give i(-6).
-62
Let v(c) = 17*c + 1754. Give v(-103).
3
Let c(t) = -35*t - 402. Determine c(0).
-402
Let p(y) = -y**3 + 8*y**2 + 5*y - 9. Give p(6).
93
Let h(z) = 452*z - 2729. Calculate h(6).
-17
Let n(s) = -s**3 - 15*s**2 + 18*s + 6. Determine n(-16).
-26
Let i(k) = -2*k**3 + 11*k**2 + 8*k - 37. What is i(6)?
-25
Let y(w) = -108*w - 26. What is y(-1)?
82
Let y(k) = -17*k + 185. Determine y(11).
-2
Let y(x) = 864*x - 9513. What is y(11)?
-9
Let d(t) = 92*t - 9380. Give d(102).
4
Let y(d) = d**3 - d**2 - 2*d + 195. Give y(0).
195
Let d(o) = -o**3 + 2*o**2 + 20*o + 18. Calculate d(6).
-6
Let c(r) = r**3 - 15*r**2 + 38*r - 132. What is c(13)?
24
Let f(d) = -70*d**3 - 4*d + 3. Calculate f(1).
-71
Let x(h) = -2*h**3 + 34*h**2 - h + 29. Calculate x(17).
12
Let z(b) = 105*b - 25405. Calculate z(242).
5
Let s(v) = 3*v**3 - 26*v**2 + 22*v - 18. Calculate s(8).
30
Let u(s) = -13*s**3 - 338*s**2 + 117*s + 3037. Determine u(-26).
-5
Let n(d) = -691*d - 10376. Give n(-15).
-11
Let z(d) = 3*d - 35. Determine z(-5).
-50
Let x(r) = -r**3 + 6*r - 17. Calculate x(4).
-57
Let z(q) = -254*q - 186. What is z(-3)?
576
Let c(o) = o**2 - 125*o - 3178. What is c(-21)?
-112
Let i(y) = y**2 + 14*y + 6. Give i(-13).
-7
Let i(f) = -f**3 + 92*f**2 - 20*f + 1853. Give i(92).
13
Let h(c) = -c + 64. Determine h(14).
50
Let w(a) = a**2 - 117*a + 590. Determine w(6).
-76
Let k(o) = 2*o**3 + 22*o**2 + 38*o + 442. Determine k(-11).
24
Let t(q) = 35*q**2 + 211*q + 10. Give t(-6).
4
Let v(u) = u**2 - 63*u - 373. What is v(64)?
-309
Let d(q) = q**2 - 27*q - 158. Give d(40).
362
Let q(t) = t**3 + 17*t**2 - 238*t - 90. Give q(-26).
14
Let w(a) = 64*a + 6131. What is w(-96)?
-13
Let j(w) = -w**3 + 20*w**2 - 9*w - 64. Determine j(21).
-694
Let p(f) = 21*f**2 + 6*f - 23. Calculate p(5).
532
Let s(z) = -z**2 - 66*z + 290. Give s(-71).
-65
Let w(g) = g**3 + 105*g**2 - 2942*g + 248. Give w(-128).
-8
Let x(g) = 365*g**3 - g. What is x(1)?
364
Let s(y) = -10*y**2 + 601*y - 55. Give s(60).
5
Let q(y) = y**3 + 16*y**2 + 47*y - 54. Calculate q(-11).
34
Let l(n) = 2*n + 39. Give l(-14).
11
Let f(n) = 29*n**2 + 265*n + 19. Calculate f(-9).
-17
Let f(v) = -v**3 - 6*v**2 + 5*v - 2. What is f(0)?
-2
Let i(k) = 3*k - 20. Give i(3).
-11
Let h(i) = 2*i**2 - 70*i - 181. Calculate h(36).
-109
Let c(u) = -13*u**2 - 167*u - 144. Give c(-12).
-12
Let k(p) = -26*p**2 - 292*p + 236. Calculate k(-12).
-4
Let q(g) = g**2 + 22*g - 66. Give q(4).
38
Let z(j) = 259*j - 4142. Give z(16).
2
Let p(l) = l**2 - 